630 is divided by 156?
154
Calculate the remainder when 5527 is divided by 14.
11
What is the remainder when 194 is divided by 73?
48
What is the remainder when 982 is divided by 119?
30
Calculate the remainder when 3222 is divided by 129.
126
Calculate the remainder when 473 is divided by 48.
41
Calculate the remainder when 488 is divided by 12.
8
Calculate the remainder when 864 is divided by 251.
111
What is the remainder when 716 is divided by 252?
212
Calculate the remainder when 599 is divided by 5.
4
What is the remainder when 2044 is divided by 136?
4
What is the remainder when 5003 is divided by 68?
39
Calculate the remainder when 189 is divided by 32.
29
What is the remainder when 183 is divided by 13?
1
What is the remainder when 344 is divided by 28?
8
Calculate the remainder when 1310 is divided by 41.
39
Calculate the remainder when 1031 is divided by 25.
6
What is the remainder when 1293 is divided by 20?
13
What is the remainder when 34 is divided by 17?
0
What is the remainder when 668 is divided by 25?
18
Calculate the remainder when 163 is divided by 28.
23
Calculate the remainder when 1776 is divided by 871.
34
What is the remainder when 164 is divided by 49?
17
Calculate the remainder when 543 is divided by 21.
18
What is the remainder when 3234 is divided by 324?
318
What is the remainder when 1417 is divided by 75?
67
What is the remainder when 211 is divided by 113?
98
What is the remainder when 494 is divided by 494?
0
Calculate the remainder when 1871 is divided by 319.
276
What is the remainder when 30 is divided by 15?
0
What is the remainder when 23317 is divided by 55?
52
What is the remainder when 204 is divided by 53?
45
Calculate the remainder when 292 is divided by 14.
12
Calculate the remainder when 3943 is divided by 14.
9
What is the remainder when 1195 is divided by 52?
51
What is the remainder when 59 is divided by 19?
2
Calculate the remainder when 6404 is divided by 2134.
2
What is the remainder when 107 is divided by 9?
8
Calculate the remainder when 881 is divided by 47.
35
What is the remainder when 2061 is divided by 261?
234
Calculate the remainder when 976 is divided by 20.
16
Calculate the remainder when 57 is divided by 10.
7
What is the remainder when 1105 is divided by 7?
6
What is the remainder when 1023 is divided by 645?
378
What is the remainder when 3803 is divided by 22?
19
Calculate the remainder when 142 is divided by 26.
12
What is the remainder when 9591 is divided by 44?
43
Calculate the remainder when 2685 is divided by 2683.
2
Calculate the remainder when 623 is divided by 6.
5
What is the remainder when 42 is divided by 11?
9
What is the remainder when 550 is divided by 200?
150
Calculate the remainder when 17 is divided by 16.
1
Calculate the remainder when 8707 is divided by 134.
131
What is the remainder when 1697 is divided by 34?
31
What is the remainder when 217 is divided by 74?
69
Calculate the remainder when 136 is divided by 18.
10
Calculate the remainder when 397 is divided by 10.
7
What is the remainder when 1393 is divided by 45?
43
What is the remainder when 751 is divided by 58?
55
What is the remainder when 122 is divided by 63?
59
What is the remainder when 461 is divided by 58?
55
Calculate the remainder when 1466 is divided by 10.
6
Calculate the remainder when 58 is divided by 10.
8
What is the remainder when 1709 is divided by 7?
1
Calculate the remainder when 102 is divided by 15.
12
Calculate the remainder when 42 is divided by 15.
12
What is the remainder when 533 is divided by 101?
28
Calculate the remainder when 890 is divided by 62.
22
Calculate the remainder when 1220 is divided by 17.
13
Calculate the remainder when 482 is divided by 22.
20
What is the remainder when 2544 is divided by 848?
0
What is the remainder when 3671 is divided by 25?
21
Calculate the remainder when 647 is divided by 210.
17
What is the remainder when 1470 is divided by 13?
1
Calculate the remainder when 218 is divided by 24.
2
What is the remainder when 855 is divided by 258?
81
What is the remainder when 3893 is divided by 356?
333
Calculate the remainder when 280 is divided by 60.
40
Calculate the remainder when 80 is divided by 29.
22
Calculate the remainder when 2579 is divided by 30.
29
Calculate the remainder when 262 is divided by 12.
10
Calculate the remainder when 19408 is divided by 10.
8
What is the remainder when 198 is divided by 106?
92
What is the remainder when 827 is divided by 289?
249
What is the remainder when 414 is divided by 84?
78
What is the remainder when 308 is divided by 12?
8
Calculate the remainder when 7930 is divided by 1585.
5
What is the remainder when 6155 is divided by 3069?
17
What is the remainder when 119 is divided by 30?
29
What is the remainder when 1732 is divided by 29?
21
Calculate the remainder when 325 is divided by 33.
28
What is the remainder when 102 is divided by 20?
2
Calculate the remainder when 432 is divided by 205.
22
What is the remainder when 279 is divided by 68?
7
Calculate the remainder when 429 is divided by 4.
1
What is the remainder when 1760 is divided by 49?
45
Calculate the remainder when 120 is divided by 100.
20
What is the remainder when 454 is divided by 33?
25
What is the remainder when 433 is divided by 87?
85
What is the remainder when 87 is divided by 18?
15
What is the remainder when 429 is divided by 43?
42
Calculate the remainder when 351 is divided by 175.
1
Calculate the remainder when 5748 is divided by 90.
78
What is the remainder when 197 is divided by 50?
47
Calculate the remainder when 376 is divided by 96.
88
Calculate the remainder when 366 is divided by 31.
25
Calculate the remainder when 42705 is divided by 23.
17
What is the remainder when 165 is divided by 34?
29
Calculate the remainder when 150 is divided by 26.
20
What is the remainder when 109 is divided by 7?
4
Calculate the remainder when 79 is divided by 10.
9
What is the remainder when 525 is divided by 106?
101
Calculate the remainder when 602 is divided by 18.
8
Calculate the remainder when 509 is divided by 32.
29
What is the remainder when 394 is divided by 126?
16
What is the remainder when 13823 is divided by 12?
11
Calculate the remainder when 148 is divided by 77.
71
Calculate the remainder when 763 is divided by 66.
37
Calculate the remainder when 772 is divided by 31.
28
What is the remainder when 1011 is divided by 46?
45
What is the remainder when 157 is divided by 42?
31
What is the remainder when 325 is divided by 7?
3
Calculate the remainder when 414 is divided by 45.
9
What is the remainder when 330 is divided by 75?
30
What is the remainder when 472 is divided by 24?
16
Calculate the remainder when 41 is divided by 15.
11
Calculate the remainder when 252 is divided by 132.
120
Calculate the remainder when 261 is divided by 44.
41
Calculate the remainder when 615 is divided by 203.
6
Calculate the remainder when 1593 is divided by 42.
39
What is the remainder when 158 is divided by 54?
50
What is the remainder when 43 is divided by 17?
9
What is the remainder when 26831 is divided by 39?
38
Calculate the remainder when 4150 is divided by 198.
190
Calculate the remainder when 93 is divided by 38.
17
Calculate the remainder when 1517 is divided by 36.
5
Calculate the remainder when 112 is divided by 17.
10
Calculate the remainder when 680 is divided by 76.
72
Calculate the remainder when 52 is divided by 7.
3
What is the remainder when 52 is divided by 18?
16
Calculate the remainder when 1131 is divided by 27.
24
Calculate the remainder when 151 is divided by 9.
7
Calculate the remainder when 6417 is divided by 1604.
1
What is the remainder when 1286 is divided by 43?
39
What is the remainder when 15 is divided by 13?
2
Calculate the remainder when 6672 is divided by 71.
69
What is the remainder when 1129 is divided by 54?
49
What is the remainder when 212 is divided by 74?
64
What is the remainder when 273 is divided by 258?
15
Calculate the remainder when 144 is divided by 26.
14
What is the remainder when 188 is divided by 79?
30
Calculate the remainder when 358 is divided by 119.
1
What is the remainder when 55480 is divided by 21?
19
What is the remainder when 2916 is divided by 416?
4
What is the remainder